is (-8 + 9 - -5 - (-1 + 6)) + 0?
1
What is the value of -27 + (-8 - -6) + 0 + 1 + 0?
-28
What is 13 + (-13 - (-6 - 0))?
6
Calculate 3 + 8 + (-34 - -45) + -26.
-4
What is -13 + -10 + -24 + 55?
8
Evaluate 6 - (-5 - (-10 - -13)).
14
Evaluate -21 + (22 - 6 - 6).
-11
What is (-6 - -33) + 3 + 8 + -24?
14
22 - (1 + 7 + (4 - (27 + -9)))
28
What is the value of 25 - (-1 - -2) - (38 + 23 - 58)?
21
Calculate 1 + ((0 - 0) + 8 - 3).
6
9 + -7 - -41 - 35
8
What is the value of 4 + 1 + ((5 - 4) + -4 - 1)?
1
Evaluate -3 - (-2 - 1) - -2 - 9 - 5.
-12
Evaluate 1 + 10 - (6 + -3 + 2 + -4).
10
Calculate -12 + 4 - 0 - -8.
0
What is the value of (10 - 1) + (-6 - (32 + -10 - 18))?
-1
What is the value of 4 - (-3 - -12) - (-21 + (0 - 3))?
19
What is the value of -1 + -15 + 0 + (-17 - -53 - 33)?
-13
What is the value of -1 - 1 - ((23 - 22) + -6)?
3
(-7 - -5 - -5) + (1 - 1)
3
Calculate -3 + 31 + (-74 - -50).
4
What is -22 + 12 - (10 + -6 - -1)?
-15
Evaluate 16 + (17 - 40) + -2 + 12 - 5.
-2
-1 - -2 - (-8 - (-14 - (-4 + -5)))
4
What is the value of (1 - -5) + (3 - 8 - (2 - 10))?
9
-644 + 684 - (19 + -1 - -1)
21
What is 4 - 17 - (8 + (-10 - -5))?
-16
Evaluate 19 - (27 - (-3 - -11)).
0
What is the value of 25 + -57 + 3 + 1 + -7 - -9?
-26
What is 5 + -9 + (11 - 1) - 1?
5
Calculate 7 + -1 + 0 + (-25 - (-19 + -11)).
11
What is 4 - (-38 - -34) - 9?
-1
What is the value of 11 - (2 - 2 - -7 - (149 + -144))?
9
-39 + 42 - (-1 + 27)
-23
(12 - 2 - 13) + 1 + 11
9
(10 - -5) + 1 + -21
-5
Calculate 6 + 14 + -10 - 17.
-7
Calculate -148 + 147 - (-1 + 11).
-11
Evaluate 8 - (-8 + (-10 - -26)).
0
What is 6 - (-3 + -2) - (12 + -15 + -3)?
17
Evaluate 5 + 4 + -4 - (305 - 301).
1
Calculate -25 - (-6 + -14 + 20).
-25
-5 - -37 - (115 + -58)
-25
Evaluate (-4 - -16) + -3 + -14 + (6 - -1).
2
What is the value of -60 - -93 - (2 + 20)?
11
What is the value of 28 + 5 + 7 + (-53 - -48)?
35
-6 - (6 - 10 - -1 - -9)
-12
What is -7 + -43 + 34 - 5?
-21
What is the value of 3 - (7 - (24 - 8))?
12
What is the value of -25 + 20 + (2 - 1) + 3 + -8?
-9
Calculate -6 + -2 + (-13 - -34 - (-3 - 0)).
16
Evaluate 2 - ((2 + 6 - 4) + 0 + -14).
12
What is the value of 6 + (-5 - 15 - -9)?
-5
Calculate 11 - ((-2 - -7) + (-4 - -4) + 1).
5
Evaluate -56 + 37 - 27 - -76.
30
Evaluate -34 + (-178 - -194 - (0 + 7)).
-25
What is 1 + 25 + (-496 - -480)?
10
2 + (10 + -8 - 11) - -18
11
What is -18 - (-24 - -14 - 29)?
21
12 + 3 + -1 - 4 - 0
10
Evaluate (6 - (-2 - -17)) + -32 + 26.
-15
Calculate (-17 - 0) + 140 + -154 - -18.
-13
Calculate (0 + 8 - (-73 - -73)) + -21 + -2.
-15
Calculate 30 + -53 - -83 - 30.
30
Calculate -575 + 595 - ((0 - -3) + 2).
15
What is (36 - -2) + 553 + -578?
13
Calculate (-9 - 7) + -3 + 18.
-1
Calculate (15 + 2 - 21) + (6 - 0).
2
What is the value of -2 + -3 - (11 + (-10 - (-6 + -2)))?
-14
What is -7 - (21 + -17 + (-27 - 0))?
16
What is the value of 3 - 4 - -2 - (-10 - -45 - 29)?
-5
Evaluate -8 + -4 + 4 + 42 + -43.
-9
What is the value of -9 - (-2 - (-4 - 3) - 9)?
-5
18 + -8 + (-23 - -12)
-1
What is 4 - 3 - (-1 - 4 - -4) - -1?
3
Calculate -463 + 469 - ((3 - 1) + 0 - -12).
-8
What is the value of 0 + -18 + -1 - (-1000 - -993)?
-12
Evaluate (-5 - -37) + -90 + 53.
-5
Calculate (0 - -11) + -4 - (-17 + 31).
-7
What is the value of -20 - -15 - (-17 + -4)?
16
-17 + (39 - (-7 + 16 + -16))
29
Calculate -3 + (-29 - -9) + 2 + 1.
-20
-4 - (14 + -16 - 2)
0
Evaluate 3 - (-1 + 5 + -4) - (-25 + 25).
3
Evaluate -6 - (-30 - -12 - (-4 + 3)).
11
What is -14 + 7 + 20 + -13 - (2 - -17)?
-19
What is the value of -13 - (-3 - 0 - (11 + 10))?
11
What is the value of (1 - -8) + 12 + (14 - 33) + 17?
19
Evaluate 8 - 31 - (-10 - (1 + -7 + 2)).
-17
Calculate -9 - (17 + -12 - 12) - 9.
-11
Evaluate (-2 - 3 - (-11 + 7 - -1)) + 1.
-1
1 + 3 + -9 + -4 + 5 + 1
-3
What is (-10 - -3 - 4) + -2?
-13
Evaluate 15 - (4 + (-7 - 9) + 11).
16
What is -21 - -8 - (-10 - 0)?
-3
What is the value of 7 + (-3 - -9 - (0 - -14))?
-1
What is the value of (13 - (8 - -3)) + 0 + 4?
6
Evaluate 7 + (-12 - (5 + -17 + (10 - 2))).
-1
Calculate (11 - 25 - -27) + -9.
4
Calculate 19 - (-17 + (-19 - -36)).
19
(11 - (7 + (-13 - 0))) + 1
18
Calculate -19 + -35 + 56 + (-30 - -3).
-25
What is 2 - (8 - (-3 + 9) - -12)?
-12
What is (-1 - 14) + (-253 - -269)?
1
Evaluate 17 + -19 - -16 - (1 + -13).
26
What is the value of 0 + 18 + 0 + (8 - (-24 - -35))?
15
Calculate (18 - (0 + -2)) + -7.
13
(-12 - 0) + (150 - 152) - 4
-18
What is -28 - (-6 + -8 + 7 + 7)?
-28
Evaluate 7 - (-8 + 3 + (30 - 34)).
16
What is the value of 13 + (0 + -10 + 15 - (2 + -2))?
18
What is 7 - (-5 + -3 + 3) - -7?
19
Evaluate (109 - 103) + -11 + (2 - 1).
-4
Calculate (28 + 0 - 59) + (0 - -14).
-17
Evaluate 15 + (7 - 19) - 20.
-17
Evaluate 19 + (-47 - -61) + (-9 - 3).
21
Calculate 3 + -10 - (94 - 83).
-18
Evaluate 3 + -1 + (-21 - (-3 + -11)) - -8.
3
What is -7 - -8 - 10 - -12?
3
Calculate 268 + -264 + 1 + -15.
-10
What is the value of 5 + 13 - 22 - (8 + -1)?
-11
What is -3 - (-5 + -1 - (8 + -8))?
3
What is 4 - 12 - (-2 - -1)?
-7
Calculate (-11 - -4) + (0 - 1) - -20.
12
Calculate 16 + 0 + -1 + (-172 - -99 - -74).
16
What is the value of -6 - ((24 - 27) + -1 + 0)?
-2
Calculate 0 + 29 - (87 + -61 + -21).
24
What is -7 - (-28 + 32 - (1 - -6))?
-4
-32 - 0 - (-25 + (20 - -2) + -8)
-21
What is the value of -4 + 17 + -36 + -3 + -7?
-33
What is the value of -1 + 9 + -14 - (-2 - (-11 + 2))?
-13
What is -4 - (4 + -11 + 36 + -29)?
-4
What is 0 + (-8 - 1) - ((23 - 11) + -13)?
-8
What is the value of 14 + 0 - 3 - (99 + -80)?
-8
What is the value of (-3 - -1) + -24 + 26 + (-5 - 4)?
-9
Evaluate (-10 - (22 - 9)) + 14.
-9
What is the value of 13 + -16 + -9 + 21?
9
13 - (40 + (-6 - 13))
-8
What is -5 + -1 + -2 + (12 - (2 - 13))?
15
Evaluate 8 - (4 + (1 + 0 - 16)).
19
Calculate (14 - -10 - -4) + -20.
8
What is the value of -7 - ((-8 - (-4 + -1)) + -6)?
2
8 - 4 - 0 - (77 - 60)
-13
Evaluate 3 + -6 + (-17 - (2 - (-9 + 19))).
-12
Calculate (-345 - -372) + (-12 - -1).
16
Evaluate -16 + (3 - 1) + 3 + 2 + -2.
-11
Evaluate -2 - 3 - (-11 + -6 + 1 + 4).
7
What is -21 + 49 - (3 + 2)?
23
What is the value of (-11 + 14 - -8) + -15?
-4
What is 6 + -5 - (-1 + -2 - (11 - 16))?
-1
What is (8 - 11) + (29 - 13)?
13
What is (-10 + 1 - (-249 + 253)) + -2 + -3?
-18
Evaluate 4 + 3 - 1 - ((18 - 22) + -2).
12
What is the value of -36 + 23 + (-3 - (2 - -1))?
-19
Calculate -12 + 15 + 10 + -22 - (2 + -11).
0
(-16 - 32) + 41 + (1 - 1) + 21
14
Calculate (-21 + 11 - 1) + 2 + 24.
15
What is the value of (-11 - 1) + -2 + 0 + -697 + 689?
-22
What is the value of -38 + 30 + (22 - 3)?
11
Evaluate (-2 + -3 - 2) + (47 - 44) - 0.
-4
Calculate (-3 - -1 - (-187 - -186)) + 29.
28
(-8 - ((-15 - -5) + 0)) + -3 + -17
-18
What is the value of 8 - 6 - (5 - (4 - (6 - 1)))?
-4
Evaluate 47 + -32 + (8 - 4).
19
(14 - -6 - 14) + -9
-3
What is (16 - 35) + 33 + -12?
2
Calculate 7 - (6 - 1 - -1) - (1 - 2).
2
Calculate (-15 - -18) + -6 + 1 + 3.
1
Calculate -5 + (-7 - -12) + (-1 - 3).
-4
What is 16 + -11 - 12 - (5 - (3 - -9))?
0
Evaluate -2 - (-9 + 9 + 6).
-8
Calculate 23 - (-92 + 103 - (8 - -1) - 11).
32
Evaluate 23 - 29 - (6 - (-6 - -12)).
-6
What is the value of ((7 - 7) + 13 - 22) + -2?
-11
33 - (16 + 12 + -19)
24
Calculate (-904 - -905) + (20 - 0).
21
Calculate 3 - ((6 + -12 - -6) + 5).
-2
What is the value of 0 - (4 - (4 - (2 - -7)))?
-9
Calculate 2 + 14 - -4 - (-46 - -41).
25
Calculate -6 + (2 - (-8 + 9 - 3)).
-2
What is -241 - -289 - (1 + 23)?
24
What is the value of (-3 - -15) + 507 + -500?
19
What is -9 - (17 + -18) - -1?
-7
Calculate (-67 - -28) + 11 - -14.
-14
What is the value of 3 - ((21 - 21) + 21)?
-18
What is the value of -3 - -14 - (18 + 5)?
-12
What is (11 - 14) + 20 - 6?
11
(209 - 217 - (0 + 4)) + 22
10
-1 + 0 - (-7 - (1 + 6) - -11)
2
What is the value of -7 + -23 + 39 - (1 + 1)?
7
Calculate -16 - (-6 - (-8 + 14) - -12).
-16
Evaluate -47 + 37 - (-16 + 4).
2
What is the value of -41 - (15 + 7 - 67)?
4
Evaluate (-2 - (-1 - 2)) + (-6 + -3 - 3).
-11
What is the value of 0 + 1 + (-3 - (1 - 0)) + 4?
1
What is the value of (8 - 0) + -59 + 71?
20
What is the value of (41 - 42) + 9 + -2 + -1?
5
What is the value of 2 + (-6 - 1 - 12) + 7?
-10
Calculate 5 + (36 - 49) + 3 + 1.
-4
What is the value of -13 + (-15 + 12 - -14)?
-2
What is the value of 4 - ((-13 - -16) + (5 - 7 - 6))?
9
Evaluat